
4
Let z = -185 + 318. Let r = z - 101. Suppose s - 4*n = 120, s - 48 = -4*n + r. What is the units digit of s?
0
Suppose 8*u = 41 - 17. Suppose 0 = -f + u*r + 517, 468 + 48 = f - 4*r. What is the tens digit of f?
2
Let j = -859 + 1604. Suppose 2*z - j = 7*z. Let f = z + 232. What is the tens digit of f?
8
Let y be (-23)/(-7) - -1*6/(-21). Suppose -3*i + 4*f = 24 - 4, y*i = -2*f + 10. Suppose 55 = 2*a - a + 4*d, i = 2*d - 8. What is the units digit of a?
9
Let l(d) = d**3 - 7*d**2 + 14*d - 39. Let t = -34 + 40. What is the units digit of l(t)?
9
What is the thousands digit of (-2 + 108724/8)/(18/12)?
9
Suppose 4*v = 4*o + 42588, 2*v - 5*o + 8*o - 21279 = 0. What is the thousands digit of v?
0
What is the tens digit of 7456335/129 + 16 + (-8280)/516?
0
Let y(i) = 12 + 1 - 21 + i. Let n be y(8). Suppose n = -x + 70 - 11. What is the units digit of x?
9
Let z = 139 - -35. Let i = z - 61. What is the units digit of i?
3
Suppose 4*m - l = 140797, -3*m + 102*l = 104*l - 105617. What is the units digit of m?
1
Suppose 0 = -k + 6*k - 40. Let f(m) be the second derivative of -m**5/20 + 2*m**4/3 + 2*m**3/3 + 4*m**2 - 3*m + 9. What is the units digit of f(k)?
0
Suppose -5*k - 19 = 2*c, c - 5*c - 33 = 5*k. Let i be 459 - (-3 - (c + 0)). Suppose 43 = -5*l - 3*y + i, -396 = -5*l + y. What is the tens digit of l?
8
Let x(j) be the third derivative of j**6/120 - 7*j**5/60 - 5*j**4/12 - 7*j**3/6 - 13*j**2. Let s be x(9). Suppose 70*o = s*o + 445. What is the tens digit of o?
8
Let x = 20172 - 14328. What is the hundreds digit of x?
8
Let o be (0/2 - 4) + 1. Let k be (-3)/(-9) + 0 + (-29)/o. Suppose -415 = -3*y - k. What is the tens digit of y?
3
Suppose 0 = 13*v + 10 - 88. What is the units digit of 366/v + (4 - 1)?
4
Let n(y) = -3*y + 34. Let g be n(10). Suppose a - 4*a = -g*h + 23, -5 = a. Suppose -t = 0, -h*b + b + 2*t + 260 = 0. What is the tens digit of b?
6
Let p(f) = -462*f + 5317. What is the units digit of p(-47)?
1
Suppose 0 = -3*d - 5*t + 28, 0*t = 3*d - 2*t - 35. What is the units digit of ((-6622)/d)/((-4)/2)?
1
Let f be (-6)/21 + 30/7. Suppose f*x - 40 = -5*o, -19 = -3*x - 3*o + 8. Suppose -2*y = -d - 190, 0 = x*y + 5*d - 13 - 447. What is the units digit of y?
4
Let y be 47 + -37 + (-12)/2. What is the hundreds digit of y*(-5)/(-10) - -117?
1
Let f = 3603 - 2497. Let b = f + -726. Suppose -13*p + 9*p = -b. What is the units digit of p?
5
Let m(z) = 48*z**2 - 130*z + 72. What is the hundreds digit of m(5)?
6
Let x be (-1)/2*-4 - (4 - 2). Suppose -16*p + 17*p - 516 = x. What is the hundreds digit of p?
5
Suppose -45*d + 4270 = -40*d. Suppose -23*g = -21*g - d. What is the hundreds digit of g?
4
Let k(j) = 6*j**2 + 41*j + 249. What is the thousands digit of k(51)?
7
Suppose -38643 - 23742 = -119*n + 32339. What is the units digit of n?
6
Let f = 3 + 0. Suppose -13*m + 4*r = -11*m + 14, -3*m + 4*r = 11. Suppose -m*b = f*b - 1038. What is the tens digit of b?
7
What is the tens digit of (-79750)/(-11) - ((-12)/4 - -6)?
4
What is the thousands digit of 15/(-5) + 10933 - (5 + -1)?
0
Let z(a) = 23*a + 9. Suppose 0 = 2*j + m - 16, 3*j + 4*m + 11 - 40 = 0. Let l be z(j). Suppose -l = -3*p + 40. What is the units digit of p?
0
Suppose 7*y - 2*y = 40. Suppose y*f + 7 = 23. Suppose f*s - 329 = -73. What is the tens digit of s?
2
Let z = 17970 - -57636. What is the units digit of z?
6
Suppose 0 = -6*u + 2*u. Suppose 5*y - 17 = k, 0 = 3*y + k - u*k - 7. Suppose y*z - 4 = 5. What is the units digit of z?
3
Let k be 1245/10*32/12. Let u = 474 - k. Let s = u + -92. What is the units digit of s?
0
Suppose -4*c = 5*v + 6, -c - 25 = 4*v - 29. Let g(s) = -318*s - 3. What is the thousands digit of g(c)?
1
Suppose -5*z + 1550 = 3*y, -5*y + 2590 = 5*z - 0*z. Suppose 28*w - 26*w = y. Suppose 0*t + 4*t - 3*l - w = 0, 306 = 5*t + l. What is the units digit of t?
2
Let g = 30710 + -10879. What is the tens digit of g?
3
Suppose 3*d = -5*h + 6413, -4246 = 14*d - 16*d + 4*h. What is the units digit of d?
1
Suppose -40*j + 207234 + 310419 + 1467 = 0. What is the units digit of j?
8
Let k = 84 + -84. Suppose 2*y - 101 = x + 75, k = 3*x + 6. What is the tens digit of y?
8
Suppose -11 = -2*g + 3*v - 4*v, -5*v - 5 = -2*g. Suppose -4*q + d + 456 = 2*d, -g*q + 3*d + 570 = 0. What is the tens digit of q?
1
Suppose 53*w = 54*w - 4*y - 49840, 5*y - 99628 = -2*w. What is the units digit of ((-24)/(-9) - 3)/((-16)/w)?
8
Suppose -3*a = 2*o - 5, -4*a + 1 + 4 = 3*o. Suppose -v - a*y + 299 = 0, -1 = 2*y - 3. What is the hundreds digit of v?
2
Let l = 962 - 614. Let q = l - 81. What is the tens digit of q?
6
Let f = 4319 - 904. What is the thousands digit of f?
3
Let q = -1582 - -6638. What is the thousands digit of q?
5
Let j(q) = -3955*q - 4736. What is the thousands digit of j(-6)?
8
Suppose -4*f + 2232 = g - 52534, 0 = -3*f + 5*g + 41086. Suppose -f = 136*k - 148*k. What is the thousands digit of k?
1
Let b be (-3)/((-15)/(-18535)) + (-2)/2. What is the tens digit of 3/7 + 17/((-357)/b)?
7
Let t(s) = 3*s**2 - 9*s + 19. Let w be -1*(-18)/(-2) - (13 + -13). Let y be t(w). Let i = y + -237. What is the hundreds digit of i?
1
Suppose -7*p = -31*v + 27*v - 94050, 4*p = -4*v + 53768. What is the thousands digit of p?
3
Let c(j) = -7*j + 77. Let a be c(6). Suppose 41*q = a*q + 642. What is the hundreds digit of q?
1
Let z(j) = -49*j - 38. Let f(w) = 30*w + 20. Let g(i) = 5*f(i) + 3*z(i). Suppose r - 24 = -3*r. What is the units digit of g(r)?
4
Let v = 18 + -14. Suppose -16 = -5*w - 4*o, 0*w + 16 = -w + v*o. Suppose -m - 2*m + 192 = w. What is the units digit of m?
4
Let p(y) = -4*y**3 + 21*y**2 + 51*y + 24. What is the hundreds digit of p(-7)?
0
Let r = 14304 - 7861. What is the thousands digit of r?
6
Suppose -2*l + 10 = m, 0 = 17*m - 19*m + l. What is the tens digit of 53/(4/3 + -1) + m?
6
Let q be (36/42)/(10/35). Suppose 1491 = q*g - 4*i, 0 = -16*g + 11*g - i + 2508. What is the hundreds digit of g?
5
Let f = 78 + -65. Let h(b) = 48*b - 278. What is the tens digit of h(f)?
4
Let t = -332 + 649. Let h = t - -318. What is the units digit of h?
5
Let k be 3*-1*92/(-69). Let o be ((-275)/k - -2) + (-3)/12. What is the units digit of (0 - (o - 4)) + 4?
5
Let s(g) = -g + 3. Let b be s(-1). Suppose 6*c - b = 4*c. What is the units digit of (51/4)/(c/8)?
1
Let g = 45297 - 21221. What is the thousands digit of g?
4
What is the tens digit of ((-75)/(-1250)*115090)/((-6)/(-20))?
1
Let a(d) = d**3 + 9*d**2 + 15*d + 13. Let v be a(-7). Suppose -v*z = -4*z - 868. What is the tens digit of z?
3
Let z(n) = n**2 + n + 0*n - 23 + 3*n. Let q be z(-12). Suppose v + 11 = q. What is the tens digit of v?
6
Let t = -124 - -173. Suppose 8*x = x + t. What is the units digit of (-5)/((7/(-12))/x)?
0
Let j(n) = 67*n + 1. Let x be j(2). Suppose -3*m = -a - 204, 8 = 4*a - 16. Let z = x - m. What is the units digit of z?
5
Let h(k) = -2*k**3 - 11*k**2 + 3*k - 11. Let q(n) = -2*n**2 + 17*n + 46. Let j be q(11). What is the tens digit of h(j)?
2
Let d = -3 - 9. Let m(x) = 18*x - 8 - 21*x - 7 - 2. What is the units digit of m(d)?
9
Suppose -2*h = -4*l + 588 + 7870, 0 = 2*h - 2. What is the thousands digit of l?
2
Let z(m) = -31 + 482*m - 25 - 90. What is the thousands digit of z(3)?
1
Suppose 22*k - r = 26*k - 14790, 2*k - 7394 = -r. What is the thousands digit of k?
3
Let p = -26 + 24. Let i be 31/p*(-24)/(-3). Let b = i - -238. What is the hundreds digit of b?
1
Let f be (14/5)/(1/5). Suppose f*n = 5*n. Suppose n = 3*b - 3*y + 6*y - 153, -5*b + 5*y = -255. What is the units digit of b?
1
Suppose -2*t + 266 = 3*a - 5*a, 4*t = 16. Let g = a + 709. Let j = -328 + g. What is the tens digit of j?
5
Suppose 934 = g - 9*u + 5*u, 1868 = 2*g + 3*u. What is the tens digit of g?
3
Suppose 5*c = -3*z - z - 25, 0 = 3*c + z + 15. What is the tens digit of (-36)/(-90) - (0 - (-5438)/c)?
8
Let v = 5 - 11. What is the hundreds digit of (-16)/(-12)*v/(-8)*321?
3
Let l(s) be the third derivative of -s**4/24 + 5*s**3/6 - 9*s**2. Let w be l(0). Suppose 0*r - 5*r + 91 = 3*c, 155 = w*c + 5*r. What is the tens digit of c?
3
What is the units digit of (24/14)/(3085620/192850 + -16)?
0
Suppose 51 = -6*w + 23*w. What is the hundreds digit of 2/w*((-4617)/(-2))/9?
1
What is the ten thousands digit of 34778 + 1 + (2/(-3) - 576/108)?
3
Suppose -2*